he prime factors of f.
7
Let l(b) = b + 4. Let s be l(-4). Let x be (1 - 80) + 0 + s. List the prime factors of (-4)/(-18) - x/9.
3
Let q be (-1 - 1*-2) + 3. Suppose 0*s + 2*s = q. Suppose -s*k + 17 + 1 = 0. List the prime factors of k.
3
Let z = -9 + -28. Let i = 59 + z. What are the prime factors of i?
2, 11
Let l(f) be the second derivative of -f**4/12 - 4*f**3/3 + 3*f**2/2 + f. Suppose 2*i = 4*i + 14. What are the prime factors of l(i)?
2, 5
Suppose 0 = 3*o - 9 - 6. Let g = o + -2. Suppose 0 = g*y - y - 6. What are the prime factors of y?
3
Suppose 0 = w + b - 1, 5*w + 0*w - 1 = -b. Suppose -3*u = -w*u - 6. List the prime factors of u.
2
Suppose -9*u = -u - 480. What are the prime factors of u?
2, 3, 5
Let c(n) = n**3 - n**2 - n + 1. Let a be c(1). Suppose a = -0*k - k + 9. What are the prime factors of k?
3
Suppose 5*q - 3*l - 25 - 90 = 0, -4*q + 92 = 3*l. Let y = q + -16. List the prime factors of y.
7
What are the prime factors of ((-3)/9 + 2/3)*261?
3, 29
Let x be (-202)/(-8) + 2/(-8). Let j(s) = -s - 8. Let n be j(7). Let b = n + x. List the prime factors of b.
2, 5
Suppose -5*d = -5, -2*z - 6*d + d = -7. Suppose 5*c = -u + 19, 3*c - z = 11. Let a = u - -17. List the prime factors of a.
2
Suppose -f - 2*f + 6 = 0. Suppose 5 = -5*s, f*s + 15 + 3 = 2*z. Let n = z - 2. What are the prime factors of n?
2, 3
Let r be (12/(-10))/((-1)/(-5)). What are the prime factors of (r - 1)*-1 + -3?
2
List the prime factors of (-214)/((-5)/((-30)/(-6))).
2, 107
Let t be (-6)/9 - (-2)/(-6). Suppose 0 = b - 1 - 6. List the prime factors of b - (-2 - (-1 + t)).
7
Suppose -4*m = 2*i - 132, 198 = 3*i + m - 0*m. What are the prime factors of i?
2, 3, 11
Let j(t) = t**3 + 5*t**2 - 2*t + 7. Let u be j(-6). Let w = u - -22. List the prime factors of w.
5
What are the prime factors of 12/(-8) + (-177)/(-6)?
2, 7
List the prime factors of (36 - ((-3)/1 - -2))*6.
2, 3, 37
Suppose 38 = 3*x - 61. What are the prime factors of x?
3, 11
Let z(u) = -u**2 - 12*u + 1. Let s = -24 + 14. Let c be z(s). Let n = c + -14. What are the prime factors of n?
7
Let t(w) = 6*w**3 + w**2 - 8*w + 5. What are the prime factors of t(2)?
41
Let b(q) = -10*q - 8*q**2 + 0*q**3 - 2 + 0*q - q**3. What are the prime factors of b(-7)?
19
Suppose -144 = -2*y - 36. What are the prime factors of y?
2, 3
Let n(b) = -b**2 - 4*b. Let d be n(-3). Suppose 6*j + 3 = d*j. List the prime factors of ((-3)/j)/((-3)/(-4)).
2
Let d(u) be the third derivative of -5/3*u**3 + 0*u - 5/24*u**4 + 0 + 3*u**2 - 7/60*u**5 + 1/120*u**6. What are the prime factors of d(8)?
2, 7
Let i(n) = -2*n**3 - 6*n**2 - 4*n + 5. List the prime factors of i(-4).
53
Let y(r) = r**3 + 1. Let s be y(-1). Suppose 0 = p - s*o - o + 8, -p - 24 = -5*o. What are the prime factors of 6 - 2*(-2)/p?
5
Suppose -2*s = 3*s - 65. Suppose -2*q + 5*l = -s - 13, -3*l - 84 = -5*q. Suppose 2*g = -5*o + 10, -o = o - 2*g - q. What are the prime factors of o?
2
Let p be 4/10 - 8/(-5). Suppose -p = b - 11. List the prime factors of b.
3
Suppose -q + 12 = h, -3*h = -h - 3*q - 24. What are the prime factors of h?
2, 3
Suppose -23 - 3 = -f. What are the prime factors of f?
2, 13
Let d be (-78)/(-2*2/4). Suppose -3*j + d = -a - 2*a, 0 = -5*a + j - 110. Let m = 32 + a. What are the prime factors of m?
11
Suppose -3*i - 102 = -6. Let f be 21*-1 + 1 + -2. Let s = f - i. What are the prime factors of s?
2, 5
Suppose -2*k - 3*u = -21, -6*k + 4*u = -3*k + 11. Suppose -4*g - 31 = -k*h - 0*h, 0 = 3*h - g - 37. What are the prime factors of h?
13
Let q(n) = 5 + n + 2 + 1. Let p(j) = 2*j + 9. Let f(v) = 3*p(v) - 4*q(v). What are the prime factors of f(6)?
7
Let m(o) = -o**2 - 11*o + 1. List the prime factors of m(-10).
11
Let d be 1*((-3 - -2) + 32). Let z = 55 - d. Let j = z - 12. What are the prime factors of j?
2, 3
Suppose 0 = q + 2*q + 4*a, 0 = -5*q - 4*a. Suppose -5*p = -2*t - 19, 6*p + 5*t - 35 = 2*p. Let n = p - q. List the prime factors of n.
5
Suppose 5*n - 8*n = 9. What are the prime factors of (-1)/n*(40 - -5)?
3, 5
Suppose -f = 4*q - 171, -6*q + 3*f = -2*q - 175. List the prime factors of q.
43
List the prime factors of 70/4 + (-2)/(-4).
2, 3
Suppose -4*g - g = -10. Let o(x) = 2*x + 2. List the prime factors of o(g).
2, 3
Suppose -5*i + 20 = 2*v + v, 2*i + 11 = -5*v. What are the prime factors of ((-4)/(-7))/(2/i)?
2
Let i(n) = 22*n**2 + n. Suppose -4*u - 5*h - 7 + 23 = 0, 0 = -4*u + 2*h - 12. List the prime factors of i(u).
3, 7
Let y(z) = -4*z - 3. Let r be y(3). Let x be (2/3)/((-10)/r). List the prime factors of (6 - -4) + x*-1.
3
Let x = -6 - -9. Suppose y = -x*v + 3, 2*y + y - 9 = -v. What are the prime factors of y?
3
Suppose u - 9 = -5*d + 24, -2*u + 54 = -2*d. List the prime factors of u.
2, 7
Let r(l) = 6*l**2 - 5*l + 3. Let f be r(3). Suppose -2*m + 6 = -y, -2*m = 3*y - 15 - 7. List the prime factors of ((-2)/(-3))/(y/f).
7
Suppose 14*y + 2079 - 6853 = 0. List the prime factors of y.
11, 31
Let g(t) = t**2 + t + 1. Let l be g(-3). Let r(j) be the first derivative of j**2 - 2*j - 5. What are the prime factors of r(l)?
2, 3
Let p(r) = 3*r**2 - 2. Let m(o) = -7*o**2 + 4. Let g(h) = -4*m(h) - 9*p(h). Let v be g(3). Let x = v - 6. List the prime factors of x.
5
Let u = 39 - -7. What are the prime factors of u?
2, 23
Let r(b) be the second derivative of -b**3 + 0 - 2*b + 3/2*b**2 - 1/12*b**4. List the prime factors of r(-5).
2
Let a(s) = -s**3 + 7*s**2 + 6*s + 4. Let r be a(8). Let n be 0 + 3 - 4 - r. Let v(q) = q - 9. List the prime factors of v(n).
2
Let s(f) = f**3 - 11*f**2 + 10*f + 3. Let n be s(10). List the prime factors of (-2)/n - 212/(-12).
17
Let r = -37 - -112. List the prime factors of r.
3, 5
Let o be ((-9)/6)/((-6)/32). Let d = o - -1. List the prime factors of d.
3
Let a(f) = f**3 - 5*f**2 - 7*f - 1. Let x be a(5). List the prime factors of 15/(-6)*x/10.
3
Suppose -30 = -3*m + m. Let k be 1*m - (6 - 5). Suppose k = d + 3*u + u, 3*u + 12 = 3*d. List the prime factors of d.
2, 3
Suppose -2*f = -1 - 3. Suppose -f*p + 9 = -1. What are the prime factors of p?
5
Let n(m) be the second derivative of m**5/20 - m**4/4 - m**3/2 - 7*m**2/2 - m. Let q be n(5). Suppose -3*o + q = o. What are the prime factors of o?
7
Let h = 3 + 1. List the prime factors of 42/8 - (-3)/h.
2, 3
Let b(t) = -t - 11. What are the prime factors of b(-16)?
5
Let b = 5 + -1. Suppose -b*l + 20 = 5*c - 7, c = -5*l + 18. List the prime factors of l.
3
Suppose -n + 4 = -0*n. Suppose s - 20 = 4*a, -a = 2*s - n + 9. Suppose s = -5*z + 4*z + 2. List the prime factors of z.
2
Let l be 13 - 4 - 2/2. Suppose l*x - 15 = 3*x. List the prime factors of x.
3
Suppose -2 = -2*w - 2*t - 8, -10 = 5*w + 4*t. Suppose 6 = -0*n + w*n. List the prime factors of (14/(-4))/(n/(-6)).
7
Suppose -305 = -2*i + 175. What are the prime factors of i?
2, 3, 5
Let h(r) be the first derivative of r**3/3 + 7*r**2/2 + 6*r + 1. Let b be h(-5). List the prime factors of ((-2)/b)/((-4)/(-24)).
3
Let z be (-4)/(2/1) - 4. Let s be 0 + z - (2 - 4). Let y = -2 - s. What are the prime factors of y?
2
Suppose 2*o - 4*c - 8 = 0, -o + 2*c = -3*o + 2. Let l be o*5 - (-2)/1. Suppose 0 = -5*h + 4*h + 4*k - 5, -l = -4*k. List the prime factors of h.
7
Let x = 6 + -4. Suppose -x*j + 135 - 49 = 0. Suppose -3*t + 41 = 5*k, -2*k + j = 5*t - 19. List the prime factors of t.
2, 3
Let i(y) = 3*y + 14. What are the prime factors of i(14)?
2, 7
Let q(t) = -9*t - 23. List the prime factors of q(-7).
2, 5
Let r(a) = 0*a**2 - 2 + 3*a**2 - 5*a**2 - 2*a**3 + a. Let j be ((-7)/(-3) + -1)/(2/(-3)). What are the prime factors of r(j)?
2
Suppose -3*p - 11 = -5*y, 0*p + 2 = -p. Let r = 32 - y. Let v = r - 17. What are the prime factors of v?
2, 7
Let b(n) be the third derivative of -n**4/3 + 5*n**3/6 + 7*n**2. What are the prime factors of b(-3)?
29
Let b(l) = l**2 + 8*l + 35. What are the prime factors of b(11)?
2, 61
Suppose 0*y + 55 = -5*y. Let j be -16 + -1 - (-2)/(-1). Let f = y - j. What are the prime factors of f?
2
Let d(y) = 4*y**2 - 3*y - 4. List the prime factors of d(-4).
2, 3
Suppose 1 = 4*l - 31. What are the prime factors of l?
2
Let r(y) = 8*y**2 - 2*y. Let d be r(-2). Let f = d + -1. What are the prime factors of f?
5, 7
Let k be (-1 - -3)/(2/3). Let p(i) = -2*i**3 + i**3 - k*i**2 - 11 - 9*i**2 - 13*i. List the prime fa